the remainder when 103814 is divided by 122?
114
What is the remainder when 81479 is divided by 20?
19
What is the remainder when 8058617 is divided by 286?
281
Calculate the remainder when 437456 is divided by 2103.
32
Calculate the remainder when 735363 is divided by 221.
96
Calculate the remainder when 75593 is divided by 18647.
1005
Calculate the remainder when 434516 is divided by 434038.
478
What is the remainder when 418 is divided by 172?
74
Calculate the remainder when 253498 is divided by 62571.
3214
What is the remainder when 116804 is divided by 245?
184
Calculate the remainder when 10384867 is divided by 125.
117
Calculate the remainder when 711806 is divided by 433.
387
Calculate the remainder when 142753661 is divided by 6224.
6221
What is the remainder when 45114 is divided by 5639?
2
What is the remainder when 49325 is divided by 403?
159
What is the remainder when 4432995 is divided by 96?
3
Calculate the remainder when 80030 is divided by 2479.
702
What is the remainder when 2777018 is divided by 2915?
1938
Calculate the remainder when 2447252 is divided by 1223558.
136
Calculate the remainder when 75263025 is divided by 50.
25
Calculate the remainder when 410503 is divided by 2292.
235
What is the remainder when 942130 is divided by 85?
75
Calculate the remainder when 7056 is divided by 6750.
306
Calculate the remainder when 61733 is divided by 5575.
408
Calculate the remainder when 7412 is divided by 257.
216
Calculate the remainder when 3401851 is divided by 10532.
15
What is the remainder when 167508 is divided by 167502?
6
Calculate the remainder when 109228 is divided by 54077.
1074
What is the remainder when 2648304 is divided by 11929?
66
Calculate the remainder when 3790699 is divided by 17468.
143
Calculate the remainder when 734385 is divided by 81472.
1137
Calculate the remainder when 328367 is divided by 46896.
95
Calculate the remainder when 37697 is divided by 130.
127
What is the remainder when 535285 is divided by 729?
199
What is the remainder when 244416020 is divided by 596?
592
Calculate the remainder when 8471056 is divided by 3929.
132
Calculate the remainder when 11262055 is divided by 98.
91
Calculate the remainder when 759603 is divided by 252440.
2283
Calculate the remainder when 103894940 is divided by 3324.
3320
What is the remainder when 19359323 is divided by 199580?
63
Calculate the remainder when 462558 is divided by 935.
668
Calculate the remainder when 6679668 is divided by 278319.
12
What is the remainder when 481302951 is divided by 52?
51
What is the remainder when 4540441 is divided by 1513475?
16
What is the remainder when 6269151 is divided by 210?
21
Calculate the remainder when 13727799 is divided by 23.
19
Calculate the remainder when 20614 is divided by 477.
103
What is the remainder when 451847675 is divided by 791?
790
What is the remainder when 50514 is divided by 638?
112
Calculate the remainder when 3675851 is divided by 282757.
10
Calculate the remainder when 6345205 is divided by 3531.
3529
Calculate the remainder when 98634969 is divided by 22.
15
What is the remainder when 11624603 is divided by 247?
42
Calculate the remainder when 2759173 is divided by 86222.
69
Calculate the remainder when 23254624 is divided by 131382.
10
What is the remainder when 302698 is divided by 62?
14
What is the remainder when 99580 is divided by 2776?
2420
What is the remainder when 445022349 is divided by 817?
815
What is the remainder when 73652 is divided by 14373?
1787
Calculate the remainder when 96492 is divided by 29.
9
Calculate the remainder when 2095205310 is divided by 8903.
8902
What is the remainder when 158723 is divided by 49906?
9005
What is the remainder when 7031686 is divided by 878959?
14
Calculate the remainder when 13682244 is divided by 119.
100
What is the remainder when 16440574 is divided by 7755?
7729
What is the remainder when 67339870 is divided by 584?
582
Calculate the remainder when 25280 is divided by 323.
86
What is the remainder when 1478943 is divided by 2796?
2655
What is the remainder when 1413080 is divided by 256?
216
What is the remainder when 77165 is divided by 76605?
560
Calculate the remainder when 525284 is divided by 74.
32
What is the remainder when 262591 is divided by 710?
601
Calculate the remainder when 3046081 is divided by 41.
27
Calculate the remainder when 204135 is divided by 22653.
258
Calculate the remainder when 2259021 is divided by 386.
149
Calculate the remainder when 297179 is divided by 21227.
1
Calculate the remainder when 149894 is divided by 18661.
606
What is the remainder when 342513778 is divided by 4060?
4058
What is the remainder when 110850498 is divided by 125?
123
Calculate the remainder when 18050590 is divided by 62894.
12
Calculate the remainder when 58838 is divided by 27760.
3318
What is the remainder when 12590624 is divided by 2317?
46
Calculate the remainder when 85308 is divided by 159.
84
What is the remainder when 2166809 is divided by 361129?
35
What is the remainder when 698971 is divided by 10921?
27
Calculate the remainder when 775151 is divided by 77494.
211
What is the remainder when 7251694 is divided by 3625846?
2
Calculate the remainder when 1627960 is divided by 241.
5
Calculate the remainder when 9279233 is divided by 1647.
35
What is the remainder when 3745936 is divided by 39849?
130
Calculate the remainder when 9970894 is divided by 222.
208
What is the remainder when 1344102 is divided by 44779?
732
What is the remainder when 46885 is divided by 1791?
319
What is the remainder when 22219952 is divided by 807?
14
Calculate the remainder when 695873 is divided by 22444.
109
Calculate the remainder when 3525 is divided by 239.
179
Calculate the remainder when 911651 is divided by 6198.
545
Calculate the remainder when 177240 is divided by 9969.
7767
Calculate the remainder when 57147166 is divided by 4081938.
34
Calculate the remainder when 75275582 is divided by 215.
212
Calculate the remainder when 2367391 is divided by 170.
141
What is the remainder when 12861 is divided by 6395?
71
What is the remainder when 592985 is divided by 341?
327
Calculate the remainder when 287643463 is divided by 5.
3
What is the remainder when 3264314 is divided by 14?
4
Calculate the remainder when 303947661 is divided by 446.
445
Calculate the remainder when 9881789 is divided by 496.
477
What is the remainder when 232467441 is divided by 3662?
19
What is the remainder when 3299393 is divided by 705?
698
Calculate the remainder when 504814 is divided by 900.
814
What is the remainder when 1851022 is divided by 61?
38
Calculate the remainder when 5971841 is divided by 298591.
21
What is the remainder when 387873197 is divided by 5200?
5197
Calculate the remainder when 2094066 is divided by 61.
58
What is the remainder when 117645 is divided by 14680?
205
What is the remainder when 3252254 is divided by 21?
5
Calculate the remainder when 4769262 is divided by 176639.
9
What is the remainder when 91052 is divided by 2219?
73
Calculate the remainder when 252901 is divided by 126354.
193
Calculate the remainder when 86564585 is divided by 52.
29
Calculate the remainder when 19133 is divided by 1995.
1178
What is the remainder when 138653 is divided by 730?
683
What is the remainder when 365318 is divided by 13012?
982
Calculate the remainder when 91683 is divided by 1930.
973
Calculate the remainder when 7818 is divided by 130.
18
What is the remainder when 9304690 is divided by 1860935?
15
What is the remainder when 1033537502 is divided by 13?
10
What is the remainder when 4441626 is divided by 2108?
70
Calculate the remainder when 821510 is divided by 940.
890
Calculate the remainder when 1711295 is divided by 128.
63
What is the remainder when 994616 is divided by 331307?
695
What is the remainder when 537943 is divided by 4376?
4071
What is the remainder when 3509 is divided by 3190?
319
What is the remainder when 214236997 is divided by 42847399?
2
What is the remainder when 25842568 is divided by 65?
63
Calculate the remainder when 7265733 is divided by 8.
5
Calculate the remainder when 23912113 is divided by 10.
3
What is the remainder when 433687 is divided by 11614?
3969
Calculate the remainder when 13